 the units digit of 2/(-3)*(0 - (1005/2 - -9))?
1
Let t = 33143 - 20740. What is the tens digit of t?
0
Suppose 10*a - 2610 = -0*a. Suppose 0 = -3*r + 5*v + a, r - v - 435 = -4*r. Let p = r + -15. What is the units digit of p?
2
Let p(v) = 644*v + 1779. What is the hundreds digit of p(16)?
0
Suppose 3*j - 10 = 5*k, 2*k = 2*j - 5*j - 25. Let c = j + 5. Let q(h) = h**3 - h + 75. What is the tens digit of q(c)?
7
Suppose -3*p + 19 = 64. Suppose -31*f + 664 = -2343. Let v = f + p. What is the tens digit of v?
8
Suppose 0 = y + 3*z - 13, -17 = -y + 2*z - z. Let k be 10/(2*(-4)/(-12)). Suppose 19 = y*i - k*i. What is the tens digit of i?
1
Suppose -126 = -5*n - 4*l, 2*n + 3*l = 2*l + 48. Suppose 4*y + n + 41 = 5*b, -4*b = 2*y - 66. Let k = 31 + b. What is the tens digit of k?
4
Let t(r) = -3*r + 28 - r - 2*r. Let m be t(4). Suppose 2*x + 5*s + 49 - 370 = 0, -m*s = 5*x - 760. What is the hundreds digit of x?
1
Let i(u) = -19*u**3 - 6*u**2 + 64*u + 124. What is the units digit of i(-10)?
4
Let r be 3*((-334)/4)/((-36)/24). Suppose 1106 = 2*s - 2*z, 2*z + 2383 = 4*s + r. What is the tens digit of s?
5
Suppose 28*y = -335*y + 7698006 + 8031147. What is the hundreds digit of y?
3
Let d = 66846 + -37350. What is the tens digit of d?
9
Suppose 0*o - 20*o = -160. What is the units digit of 68 - (-5)/((-20)/o)?
6
Suppose d = c + c + 69, 5*d + 99 = -2*c. Let g be (36/(-14))/((-5)/35). Let w = g - c. What is the units digit of w?
5
Suppose m - 7 = -2*y - 0*m, 2*y - 3*m = 11. Suppose -3*u = 2*b - 1395 - 1227, -5*b - 3519 = -y*u. What is the hundreds digit of u?
8
Suppose 2498*m + 49400 = 2524*m. What is the thousands digit of m?
1
What is the tens digit of (-438592)/140*225/(-18)?
6
Let k(u) = u**2. Let d(t) = -61*t**3 + 3*t**2 + 1. Let j(q) = -d(q) + 3*k(q). What is the tens digit of j(1)?
6
Let v = 6803 + -5194. What is the thousands digit of v?
1
Let q = 43954 + 29556. What is the thousands digit of q?
3
Let y(i) = -287*i + 796. What is the units digit of y(-15)?
1
Let i(x) = -3*x**3 - x. Let p be i(1). Let j(w) = w**2 + 5*w + 14. Let v(l) = 1. Let b(m) = j(m) - 4*v(m). What is the units digit of b(p)?
6
What is the hundreds digit of 3/4*7298528/183?
9
Let z(f) be the first derivative of 3*f**2 - 6*f + 1235. Let m = -27 + 43. What is the units digit of z(m)?
0
Suppose 213 = 3*p + 168. Let x(v) = 3*v**2 - 18*v + 54. What is the units digit of x(p)?
9
Suppose 3*y + 20*d - 11601 = 15*d, d = y - 3883. What is the units digit of y?
7
Let u = -5257 + 11723. What is the units digit of u?
6
Suppose 0 = -2*b + 3*c - 17, -3*c + 1 = 4*b - 10. What is the units digit of 74/(-629) - b/(17/1668)?
8
What is the ten thousands digit of (-18 - (-9 - 485364/48))/((-2)/(-8))?
4
Suppose -2*w + 165 = -163. Suppose -r = 3*r - w. What is the tens digit of (-1 - 4/2) + r?
3
Suppose -8 = 6*l - 7*l. Let o be (-1)/(8/l - 261/258). Suppose o = 19*c - 18*c. What is the tens digit of c?
8
Let g(d) = 2*d + 4. Let h be g(4). Let o(k) = k**3 - 2*k**2 - 17*k - 4. Let n be o(-3). What is the units digit of n - (-4 - -2) - h/(-4)?
7
Let m(h) = -2*h**3 - 12*h**2 - 16*h - 54. Let q(l) = -l**3 - l**2 + l + 1. Let x(o) = m(o) - 4*q(o). What is the units digit of x(9)?
2
What is the units digit of (-116)/(-88) + 84/462 - 44507/(-2)?
5
Let k(y) = -y**2 + 9*y - 5. Let m be k(8). Suppose 0 = m*u - 1 - 5. Suppose 0 = -u*l - v + 80, 4*l = 2*v + 156 + 4. What is the units digit of l?
0
Let c be (-10 + (-120)/(-21))/((-1)/84). Suppose -2*w + 15*f - 12*f = -732, 3*f = w - c. What is the hundreds digit of w?
3
Let i be ((-1)/(-2))/(1/1694). Suppose d - 20*j + 19*j = i, 0 = -5*d + j + 4247. What is the units digit of d?
0
Let l be (-3)/2 + (-7)/(42/387). Suppose -5*r + r = 4*v + 468, 3*r - 363 = 3*v. Let b = l - v. What is the tens digit of b?
5
Let v(d) = -2873*d - 2982. What is the tens digit of v(-5)?
8
Let i(y) = 18*y + 2102. What is the thousands digit of i(5)?
2
Let y(k) = -2*k - 8. Let g(u) = -2*u - 25. Let w be g(-10). Let p be y(w). What is the tens digit of (-588)/16*(-2 - p)?
4
Let p(s) = 16*s + 21. Let z(c) = -c. Let y(u) = -p(u) + 5*z(u). Suppose t + 4*j + 2 + 26 = 0, -4*t - j = 52. What is the units digit of y(t)?
1
Let m be ((-8520)/140)/(5/(-35)). Let n = 2 - 2. Suppose 3*x - 3*i - m = n, 4*x + 0*i - i = 562. What is the units digit of x?
0
Let z = -1151 + 1147. Let s(u) = 111*u + 48. Let d(x) = -74*x - 32. Let b(i) = 8*d(i) + 5*s(i). What is the units digit of b(z)?
2
Suppose -4*w = -2*z + 131278, 11*w - 131368 = 97*z - 99*z. What is the ten thousands digit of z?
6
Let g(c) = 5*c**3 - 4*c**3 + 8*c + 122 + 250 - 11*c + c**2. What is the tens digit of g(0)?
7
Let s(f) = -35*f + 269. Let c(a) = -36*a + 273. Let q(b) = -7*c(b) + 6*s(b). What is the hundreds digit of q(39)?
3
Suppose -82*c = -61*c - 903063. What is the ten thousands digit of c?
4
Let o = -152310 + 219293. What is the units digit of o?
3
What is the thousands digit of 23534/7 + (-63)/(9 - 18)?
3
Suppose 5*w - 111 = -4*a + 26, 2*w = 3*a + 64. Let c = 229 + w. What is the hundreds digit of c?
2
Suppose -156364 = -18*f - 13*f. What is the tens digit of f?
4
Let m be 364 + -357 - (-312)/(4/2). Suppose 4*k + 101 = -3*y + 8, -4*y - 3*k - 117 = 0. What is the tens digit of m/1 + 30 + y?
6
Let d be (-3)/(-54)*4 - 989/(-207). Let t(r) = 7*r**2 + 23*r + 9. What is the tens digit of t(d)?
9
Let c(t) = -71*t + 157. Let d be c(55). Let s = 5452 + d. What is the units digit of s?
4
Suppose 0 = -7*x - 3*x + 60. Suppose -5*b + x*b - 108 = -3*z, 0 = 3*z + 5*b - 108. What is the tens digit of z?
3
Let r(x) = -x**2 + 16*x. Suppose -13*w + 70 = -6*w. Suppose w*n - 28 = 8*n. What is the units digit of r(n)?
8
Let d = 271 - 266. Suppose 972 = -d*j + 9*j. What is the hundreds digit of j?
2
Let x(c) = c + 13. Let k be x(-10). Let z = -5 - -8. Suppose -k*u = -6*t + t - 544, z*u - 553 = -4*t. What is the units digit of u?
3
Let z = 18081 + -8071. Suppose 13*d = 6*d + z. What is the hundreds digit of d?
4
Let d be 1 + 0 + (18/6 - -5). Suppose -4*c = 3*s + d - 31, 0 = 5*c - 2*s - 39. Suppose 127 = a + c*t - 2*t, 2*t = -3*a + 368. What is the tens digit of a?
2
Let t(h) = h**2 - 13*h + 38. Let f be t(9). Let d(u) = -31 + 0*u**2 - u**2 - u - u**2 + 3*u**f. What is the tens digit of d(-10)?
7
Let y(g) = -1711*g**2 - 4. Let b be y(-6). What is the units digit of -2 + (-7)/(-3) - b/96?
2
Let d(z) = -57*z + 43. Let g(x) = 170*x - 119. Let q(s) = -17*d(s) - 6*g(s). Suppose 3*v = 3*k + 3, 0 = k - 6*k - 5*v - 35. What is the hundreds digit of q(k)?
1
Let z(d) = 5*d**2 - 69*d - 27. What is the units digit of z(29)?
7
Suppose 5*v = -6*x + 149871, 0 = -23*v + 26*v - 9. What is the thousands digit of x?
4
Let q(y) be the first derivative of 511*y**2/2 - 67*y + 240. What is the tens digit of q(3)?
6
Let f be ((-2)/(-2))/(-4 + 26/6). What is the units digit of f + 1366 - ((-9)/3 + -1)?
3
Suppose 5*p = 3*o + 3*p + 34, -65 = 5*o - 5*p. Let f(b) = 10 - 6*b + 0*b - 3*b. What is the tens digit of f(o)?
8
Suppose 3*k - 41658 = 351*c - 354*c, 69431 = 5*c + 4*k. What is the tens digit of c?
8
Suppose 4*r + 13 = 1. Let d(x) = 6*x**3 - 4*x - 5*x**3 - 4*x**3 - 3*x**2. What is the units digit of d(r)?
6
What is the ten thousands digit of (21 - -4443)*-3*(-30)/27?
1
Let o(z) = -2*z**3 + z**2 + 2*z - 2. Let m be o(2). Let d(n) = -4*n**2 + 0*n - n**3 + 12 - 6*n**2 + 5*n - 4*n. What is the units digit of d(m)?
2
Suppose 3*z - 860 = -z. Suppose 2*i - 513 = 5*d, -i - 179 = -178. Let u = z + d. What is the hundreds digit of u?
1
Suppose -518*u + 494*u + 290664 = 0. What is the hundreds digit of u?
1
Let s(i) = -397*i**2 - 8*i - 8. Let t = -96 + 92. Let n(z) = -132*z**2 - 3*z - 3. Let j(k) = t*s(k) + 11*n(k). What is the units digit of j(1)?
4
Let x(j) = 11*j**2 - 13 + 3*j - 3*j - 12*j + 36. What is the hundreds digit of x(6)?
3
Let l be (-3)/(-2) + (-80333)/(-22). Let k = l - 2582. What is the hundreds digit of k?
0
Let l(t) = -t**3 + 9*t**2 + 141*t - 70. What is the ten thousands digit of l(-30)?
3
Suppose -b + 2*g + 1 = 0, -33*b + 38*b + 5*g = -10. What is the units digit of (7/b)/(56/(-4200))?
5
Let o be (-1)/2*(4745 - 3). Let q = o - -4083. What is the units digit of q?
2
Suppose 5*p + 5*l = 15, 0 = -4*p + l - 3*l + 10. Suppose 4*n = -3*z + 1977, -z = -p*z - n + 658. What is the hund